e q(-3).
8
Let i(c) = -2*c**3 + 288*c**2 + 295*c - 723. Let b be i(145). Let g(z) = 3*z**2 + 5*z - 7. Calculate g(b).
15
Let l(q) = 4*q**2 + 17 + 8*q**2 + q + q**2 + 0*q**2 - 14*q**2. Calculate l(3).
11
Let b(t) = 5*t + 1. Let m = -273 - -273. Suppose 4*p + m*f - f + 13 = 0, -17 = p - 3*f. What is b(p)?
-9
Suppose 261*j = 267*j - 72. Let t(s) = -7*s**2 + 21*s - 33. Let c(k) = 4*k**2 - 10*k + 17. Let d = 26 + -31. Let h(g) = d*c(g) - 3*t(g). Determine h(j).
2
Let n be (-58)/4*(-32)/(-16). Let q = n + 38. Let l(r) = -6*r + 10. Let h(g) = -3*g + 5. Let y(w) = q*h(w) - 4*l(w). What is y(4)?
-7
Let m(w) = -w + 2. Let b be m(5). Suppose -58*r - 10 = -60*r, 3*r = i + 13. Let q(h) = 371 + i*h - 375 - 3*h. Determine q(b).
-1
Let q = -7177 - -14355/2. Let u(h) be the first derivative of -h**3 + q*h**2 + 33 - h. Determine u(1).
-3
Let b(z) be the first derivative of -1/6*z**3 - 5/2*z**2 - 8*z + 21. Let v(w) be the first derivative of b(w). Determine v(6).
-11
Let h(s) = 2*s**2 + s - 7. Let r be h(-6). Suppose 7*y = -r + 10. Let i be 9 + (y/(-14))/((-1)/6). Let k(l) = 3*l - 8. Calculate k(i).
10
Let x(y) be the third derivative of -y**5/30 + 7*y**4/8 - 8*y**3/3 + 105*y**2 - 2*y + 1. What is x(11)?
-27
Let n = 167 + -119. Let x = -53 + n. Let k(f) = -3 + 1 + f + 0*f. Determine k(x).
-7
Let d(p) = p**3 + 5*p**2 + 2*p. Let n(q) = 17*q - 158. Let z be n(9). Determine d(z).
-10
Let k(w) = -14*w + 389. Let b(d) = 17*d - 774. Let v(n) = -6*b(n) - 11*k(n). Calculate v(-7).
1
Let w be 18 - 26/(26/15). Let c(t) = -4*t + t + 0*t**2 + t**2 - 2. Calculate c(w).
-2
Let b(c) = -c**3 - 11*c**2 + 3*c + 16. Suppose 27 - 123 = 6*q + 5*u, 0 = 3*q + 2*u + 45. Give b(q).
-17
Let w be -2 + 3 + (-592)/16. Let y be 4/(-9) + 20/w. Let g(a) = -5*a**2 - a. What is g(y)?
-4
Let x = -2796 + 2803. Let s(r) = -r**3 + 6*r**2 + 3*r - 3. Determine s(x).
-31
Let t(o) = -2*o**2 + 41*o - 20. Let j = -8469 - -8489. What is t(j)?
0
Let m(k) be the first derivative of 2*k - 5/3*k**3 + 1/4*k**4 + 1/2*k**2 - 93. Suppose -2*w + 25 = 3*w. Calculate m(w).
7
Suppose -2*p + c + 2*c = 3, -3*p + 4 = 4*c. Suppose p*u = -7*u. Let f be (u/(-3))/(-1) + 4 + -4. Let k(t) = -t**2 + 1. Calculate k(f).
1
Let m(c) = 2*c + 11. Suppose 0 = -5*d + 4*u + 11, -13*d + 3*u - 12 = -16*d. Suppose -o = -2*k - 5*o - 24, 4*k + d*o = -33. What is m(k)?
-1
Suppose -86*d - 121 = -65 + 546. Let h(z) = 2*z + 7 + z**2 + 2*z + 5*z. What is h(d)?
-7
Let s(i) = i**3 + 9*i**2 + 23*i + 9. Let k = 3122 - 3128. What is s(k)?
-21
Let k(y) = 663 - 6*y - 16*y - 1234 + 662 + y**2. What is k(16)?
-5
Let p(y) = 9*y + 50. Let h be 68/85 + (-782)/115. What is p(h)?
-4
Let t(u) = -u - 1. Let d(l) = -l**2 + 8*l + 2. Let n(w) = -d(w) + t(w). Suppose -2*p - 142 = -162. What is n(p)?
7
Let x(b) = -b**2 - 9*b + 4. Suppose 8*w + 9 = 4*w - 5*n, -24 = 3*w - 2*n. Determine x(w).
22
Let q(m) = 30*m**3 - m - 2. Let u = 880 - 881. What is q(u)?
-31
Let q(d) = 6*d**3 + d**2 - d + 1. Let z(v) = -v**3 - 4*v**2 - 2*v - 1. Let i be z(-4). Suppose -2*o = i - 29. Suppose -6 - 5 = -o*r. Calculate q(r).
7
Let f(c) = -39*c - 28*c + 118*c - 52*c + 7. Calculate f(21).
-14
Suppose -5 = 3*a + 2*a. Let c(v) be the first derivative of 9*v**5/20 + v**3/3 + v**2/2 - 57*v + 38. Let n(s) be the first derivative of c(s). Give n(a).
-10
Let o(t) = t**2 - 6*t - 1. Let y(z) = 9*z - 25. Let f be y(9). Let v = 98 - f. Suppose -2*n = v - 54. What is o(n)?
-1
Let m(q) be the second derivative of -2 + 7/2*q**2 + 7/12*q**4 - 18*q + 7/6*q**3 + 1/20*q**5. Calculate m(-6).
1
Let k(l) = 16*l - 26. Let i(x) = 14*x**3 - 350*x**2 - 3*x + 77. Let j be i(25). What is k(j)?
6
Let b(y) be the third derivative of 5*y**4/12 - 32*y**3/3 - 1720*y**2. Calculate b(6).
-4
Let o(y) = 151*y - 60*y + 144 - 1083 - 52*y - 54*y. What is o(-63)?
6
Suppose -24 = -47*o + 39*o. Let b(s) = s - 6. Let w(k) = -k + 7. Let p(u) = o*w(u) + 4*b(u). Determine p(4).
1
Suppose -8*s + 20 = 3*s - 13. Let z(f) be the second derivative of -1/6*f**s + 1/20*f**5 - 1/6*f**4 + 16*f + 0 + f**2. Calculate z(3).
8
Let j(p) = p**3 - 20*p**2 + 2. Let l be j(20). Let z(v) = 6*v + 3 - 1 + l*v. Suppose 3*m = 6*m + 6. Determine z(m).
-14
Let v(h) = -10*h**3 - h**2 - 7*h + 2. Let r(m) = -2*m**3 - m**2 - m. Let k(s) = -4*r(s) + v(s). What is k(3)?
-34
Let a(u) = 4*u**3 - 11*u**2 - u - 4. Let f be 5/((6/9)/(12/(-18))). Let w(k) = -5*k**3 + 12*k**2 + 5. Let r(i) = f*w(i) - 6*a(i). Determine r(-5).
-6
Let n(f) = -389*f + 107. Let r(o) = -839*o + 214. Let m(u) = 13*n(u) - 6*r(u). Give m(5).
-8
Suppose -195*s + 111*s + 228 = 984. Let q(d) = d**2 - 12*d - 194. What is q(s)?
-5
Suppose 3*s - 32 = -35. Let w(k) = 7*k - 3. Let n(a) = -9*a + 4. Let x(i) = 46*i - 21. Let f(u) = -11*n(u) - 2*x(u). Let m(q) = 3*f(q) - 2*w(q). Give m(s).
-7
Suppose -2 = 7*i + 12. Let j = -4 - i. Let k(g) = -g**3 - 2*g**2 - 2*g - 1. Give k(j).
3
Let j(t) = 2*t**3 - 9*t**2 + 14*t. Let n(f) = 3*f - 1. Let i be n(1). Let b(g) = 8 - 7*g - 10 + 2 + 5*g**i - g**3. Let z(a) = -5*b(a) - 2*j(a). What is z(6)?
6
Let r(f) = -9 - 583*f**2 - 605*f**2 - 607*f**2 - 26*f + 1796*f**2. Determine r(25).
-34
Suppose 8*s + 918 = 11*s - 54*s. Let k(i) = 6*i + 129. What is k(s)?
21
Suppose -409 + 254 = 31*o. Let u(t) = -2*t**2 + 4*t - 4. Determine u(o).
-74
Let b(l) = l**3 + 9*l**2 - 16*l - 11. Let g(h) = -3*h**2 + 5*h + 2. Let m be g(3). Determine b(m).
49
Let t = 201 + -209. Let b(p) be the second derivative of p**5/20 + 2*p**4/3 + p**3/6 + 5*p**2 + 14*p. Give b(t).
2
Let q(y) = -y**2 - 13*y + 1. Let b(d) = 3*d**2 + 51*d. Let l(n) = b(n) + 4*q(n). Give l(4).
-16
Let b(x) be the first derivative of -23/3*x**3 + 0*x - 19 - 1/2*x**2. Determine b(-1).
-22
Let l(o) = -170*o + 520. Let h(q) = 12*q - 37. Let s(z) = -55*h(z) - 4*l(z). What is s(3)?
15
Let q(t) = 2*t + 9. Let o be (-1)/(-2)*-1 + (-46101)/242. Let y = o + 198. Calculate q(y).
23
Suppose 0 = m + n + 10, 0 = -12*n + 3*n - 54. Let j be 7/(-3) + (-1)/(-3). Let a(u) = u + 1. Let o(g) = -1. Let f(b) = j*o(b) + a(b). Determine f(m).
-1
Let f be 642/(-81) + ((-1343)/(-459) - 3). Let z(a) = a**3 + 12*a**2 + 37*a + 8. What is z(f)?
-32
Let u(t) = -t**3 + 18*t**2 - 30*t + 7. Let f be u(16). Suppose f - 24 = -3*z. Let k(r) = r**3 + 4*r**2 - 3*r + 1. Calculate k(z).
-9
Let t(u) = -13*u**3. Suppose 4*p - 1 = -9. Let m be (-1)/((-16)/12) - p/8. Give t(m).
-13
Let u(c) be the third derivative of c**5/10 + c**4/6 - c**3/2 + 10*c**2. Let t be u(3). Let f = t + -68. Let h(l) = -l**2 - 3*l + 3. Determine h(f).
-7
Let c(m) be the first derivative of m**4/4 + m**3/3 - m**2 - 9*m + 177. What is c(0)?
-9
Suppose 4*c - 4 = -20. Let k(o) = -13*o - 1. Let f(u) = -162 + 12*u + 293 - 130. Let w(i) = c*k(i) - 5*f(i). What is w(1)?
-9
Let g(x) = x**3 - 7*x**2 - 5*x + 7. Let h(d) = -170*d + 6806. Let f be h(40). Calculate g(f).
-59
Let c(w) = 12*w**2 + 2*w - 1. Let a(d) = -d**2 + 5*d + 12. Let y be a(0). Suppose y + 1 = 13*n. Determine c(n).
13
Let x(w) = -3*w - 1. Let j(k) = 2*k**2 - 6*k - 7. Suppose -5*f = -4*l - 28, -7*l + 6*l + 6 = 2*f. Let u be j(f). Give x(u).
-4
Let v be (-1*(4 + -4))/1. Let r be (-2 - 20/(-8))*v. Let o(l) = -l - 16 + 24 + 0*l. Calculate o(r).
8
Let s(w) = -64*w - 176. Let m be s(-3). Let c(j) = -j**2 + 17*j - 12. What is c(m)?
4
Let q = -13 + 17. Suppose 0 = -5*s + g + 27, q*s - 2*s - 9 = g. Let y(b) = b**3 + 4 - s*b**2 - 1 + 8*b**2. Give y(-3).
-6
Let h(z) = 4*z - 4. Let u be 34/17 + -1 + 1/(-1). What is h(u)?
-4
Suppose 26*r - 221 = -169. Let b(v) be the second derivative of -3/2*v**r + 0 - 5/6*v**3 - 3*v. What is b(-2)?
7
Let t(b) = b**2 + 1. Let w(f) = 7*f**2 - 5*f + 1. Let a(r) = 6*t(r) - w(r). Let d = -2 - -3. Suppose d = 2*o - 11. What is a(o)?
-1
Let u(j) = -21*j + j**2 + 179 - 154 - 11*j + 17*j. What is u(11)?
-19
Let x be 0/1*(-11 + 12). Let c be (-7 + 5)/(4/(-6)). Suppose 2*o = -c*z + 2 - 3, x = 3*z + 4*o - 1. Let w(p) = 9*p**2 - p. Determine w(z).
10
Let j be 33/4 - (-6 - 150/(-24)). Let o(b) = 6*b**2 + 3 - j - b**3 + 10 - 5*b + 2*b**3. Determine o(-7).
-9
Let t(r) = r**3 + r**2 + r + 6. Let j = -6 - 3. Let k(f) = f + 11. Let w be k(j). Suppose 4 - w = -2*g, i + 5*g + 5 = 0. Calculate t(i).
6
Let w(a) = a**3 - 8*a**2 - 20*a + 6. Suppose -7*z - 99 + 169 = 0. Determine w(z).
6
Let a(b) = -2*b**2 - 20*b + 152. Suppose 88*z = -484 - 